of 15014774?
2, 17, 41, 10771
What are the prime factors of 8005715086?
2, 37, 108185339
List the prime factors of 763835476.
2, 59, 3236591
What are the prime factors of 109113522?
2, 3, 7, 173, 15017
List the prime factors of 3297474550.
2, 5, 65949491
List the prime factors of 451479050.
2, 5, 11, 701, 1171
What are the prime factors of 213831216?
2, 3, 769, 1931
What are the prime factors of 313729020?
2, 3, 5, 11, 158449
List the prime factors of 2347871859.
3, 86958217
List the prime factors of 1497992500.
2, 5, 601, 997
What are the prime factors of 1406861588?
2, 11, 17, 1880831
What are the prime factors of 1937089767?
3, 19, 683, 49757
List the prime factors of 17436299.
139, 125441
What are the prime factors of 492585421?
17, 28975613
List the prime factors of 2209705583.
59, 37452637
List the prime factors of 360447533.
79, 4562627
What are the prime factors of 78577652?
2, 19644413
List the prime factors of 441451278.
2, 3, 24525071
List the prime factors of 635708548.
2, 271, 281, 2087
List the prime factors of 2204908397.
2204908397
What are the prime factors of 1346409649?
13, 83, 95987
List the prime factors of 966175594.
2, 483087797
What are the prime factors of 16080282?
2, 3, 41, 269
List the prime factors of 1153638310.
2, 5, 11, 10487621
What are the prime factors of 106211833?
7, 13, 29, 167, 241
What are the prime factors of 844028713?
11, 1877, 40879
List the prime factors of 713583501.
3, 237861167
List the prime factors of 6107168.
2, 29, 6581
What are the prime factors of 119409892?
2, 7, 31, 47, 2927
List the prime factors of 88155508.
2, 7, 449773
What are the prime factors of 76890974?
2, 31, 131, 9467
What are the prime factors of 741664612?
2, 13, 317, 3461
List the prime factors of 1135787124.
2, 3, 94648927
What are the prime factors of 113905207?
13, 8761939
What are the prime factors of 6560430361?
137, 2819, 16987
List the prime factors of 532294380.
2, 3, 5, 2957191
List the prime factors of 150896501.
7, 21556643
What are the prime factors of 8954928?
2, 3, 19, 1091
List the prime factors of 809522792.
2, 13, 7783873
List the prime factors of 4059147526.
2, 7, 211, 557, 2467
List the prime factors of 13568109.
3, 19, 238037
List the prime factors of 55480430.
2, 5, 5548043
List the prime factors of 2180415500.
2, 5, 1201, 3631
List the prime factors of 5209566710.
2, 5, 109, 643, 7433
What are the prime factors of 27294986?
2, 13647493
What are the prime factors of 1452726656?
2, 593, 19139
What are the prime factors of 255210504?
2, 3, 43, 67, 3691
What are the prime factors of 110535064?
2, 661, 20903
What are the prime factors of 35913979?
17, 2112587
List the prime factors of 1369110904.
2, 7, 24448409
List the prime factors of 481703259.
3, 37, 4339669
What are the prime factors of 7061958321?
3, 11, 17, 67, 187883
What are the prime factors of 5635278989?
19, 41, 7233991
What are the prime factors of 1400880921?
3, 11, 61, 695917
What are the prime factors of 188586721?
71, 97, 139, 197
List the prime factors of 53857830.
2, 3, 5, 13, 197, 701
What are the prime factors of 3066338984?
2, 271, 331, 4273
List the prime factors of 26128887.
3, 89, 97861
What are the prime factors of 392289906?
2, 3, 65381651
List the prime factors of 56562745.
5, 11312549
List the prime factors of 637259377.
1499, 425123
List the prime factors of 2702632470.
2, 3, 5, 59, 1031, 1481
List the prime factors of 64853352.
2, 3, 300247
List the prime factors of 364545537.
3, 5857, 20747
What are the prime factors of 136810729?
11, 12437339
What are the prime factors of 225314514?
2, 3, 29, 143879
List the prime factors of 2219829108.
2, 3, 7, 1361, 19417
What are the prime factors of 48252610?
2, 5, 7, 263, 2621
List the prime factors of 57754.
2, 67, 431
List the prime factors of 178355359.
7, 13, 1959949
What are the prime factors of 35091134?
2, 13, 983, 1373
List the prime factors of 525393120.
2, 3, 5, 7, 271, 577
What are the prime factors of 223298841?
3, 277, 379, 709
List the prime factors of 674252346.
2, 3, 112375391
What are the prime factors of 68596879?
13, 23, 61, 3761
What are the prime factors of 50207788?
2, 191, 65717
What are the prime factors of 161720655?
3, 5, 47, 191, 1201
List the prime factors of 66005595.
3, 5, 29, 37, 1367
What are the prime factors of 31599756?
2, 3, 877771
What are the prime factors of 109730458?
2, 53, 113, 9161
List the prime factors of 7765846.
2, 11, 107, 3299
What are the prime factors of 1983340887?
3, 11, 17, 321397
List the prime factors of 514128369.
3, 171376123
List the prime factors of 22472943.
3, 7490981
List the prime factors of 234539739.
3, 7, 229, 5419
What are the prime factors of 2524272972?
2, 3, 13, 67, 241511
What are the prime factors of 2930349988?
2, 732587497
List the prime factors of 40144906.
2, 223, 90011
List the prime factors of 1356318553.
19, 347, 205721
List the prime factors of 1194073772.
2, 19, 3049, 5153
List the prime factors of 73139078.
2, 157, 163, 1429
What are the prime factors of 1266308753?
1229, 1030357
List the prime factors of 117296282.
2, 58648141
List the prime factors of 69281816.
2, 8660227
What are the prime factors of 54062265?
3, 5, 3604151
What are the prime factors of 158038703?
2003, 78901
List the prime factors of 9450160.
2, 5, 118127
What are the prime factors of 713741451?
3, 23, 10344079
What are the prime factors of 149178751?
149178751
List the prime factors of 2744437347.
3, 17, 31, 101, 337
List the prime factors of 125398555.
5, 25079711
List the prime factors of 4197416304.
2, 3, 87446173
What are the prime factors of 728424006?
2, 3, 121404001
What are the prime factors of 188828927?
7, 26975561
List the prime factors of 63464177.
7, 337, 26903
What are the prime factors of 431181051?
3, 7, 41, 500791
What are the prime factors of 1065407292?
2, 3, 19, 1557613
What are the prime factors of 492528699?
3, 13, 323819
What are the prime factors of 1404233048?
2, 17, 109, 94727
List the prime factors of 486887693.
239, 479, 4253
What are the prime factors of 2020564?
2, 7, 13, 61
What are the prime factors of 861663439?
7, 13, 9468829
List the prime factors of 260411552.
2, 8137861
List the prime factors of 985243649.
13, 43, 1762511
List the prime factors of 847231466.
2, 423615733
List the prime factors of 90059599.
7, 659, 2789
List the prime factors of 133622152.
2, 31, 538799
What are the prime factors of 24185123?
24185123
What are the prime factors of 27686923?
11, 2516993
List the prime factors of 86580024.
2, 3, 31, 116371
What are the prime factors of 2705312447?
1291, 2095517
What are the prime factors of 314308620?
2, 3, 5, 103, 5651
What are the prime factors of 103894665?
3, 5, 7, 43, 23011
What are the prime factors of 29729691?
3, 223, 14813
What are the prime factors of 20403413?
20403413
What are the prime factors of 888300640?
2, 5, 5551879
What are the prime factors of 4756435?
5, 29, 32803
List the prime factors of 18217528.
2, 7, 61, 5333
What are the prime factors of 957297876?
2, 3, 67, 353, 3373
What are the prime factors of 122560624?
2, 7660039
What are the prime factors of 4401465938?
2, 19, 71, 113, 14437
List the prime factors of 599753069.
19, 79, 463, 863
List the prime factors of 259164010.
2, 5, 7, 29, 43, 2969
List the prime factors of 153875771.
7, 21982253
What are the prime factors of 65331913?
1907, 34259
List the prime factors of 1254082738.
2, 627041369
List the prime factors of 4498686900.
2, 3, 5, 4998541
What are the prime factors of 633641457?
3, 31, 6813349
List the prime factors of 39089376.
2, 3, 135727
List the prime factors of 231897805.
5, 103, 450287
What are the prime factors of 1720419554?
2, 7, 122887111
List the prime factors of 152978701.
461, 331841
What are the prime factors of 557791101?
3, 7, 23, 41, 229
List the prime factors of 4790376991.
5861, 817331
What are the prime factors of 4898459593?
1951, 2510743
What are the prime factors of 43103159?
11, 181, 21649
List the prime factors of 10692426.
2, 3, 1782071
List the prime factors of 4983567106.
2, 7, 71, 5013649
List the prime factors of 30223551.
3, 97, 283, 367
What are the prime factors of 1098354209?
6701, 163909
What are the prime factors of 4289810418?
2, 3, 238322801
What are the pri